divided by 83?
8
What is the remainder when 12786 is divided by 92?
90
What is the remainder when 46 is divided by 12?
10
What is the remainder when 3742 is divided by 52?
50
Calculate the remainder when 48 is divided by 17.
14
Calculate the remainder when 1250 is divided by 617.
16
Calculate the remainder when 18477 is divided by 154.
151
Calculate the remainder when 824 is divided by 85.
59
What is the remainder when 2002 is divided by 43?
24
What is the remainder when 122 is divided by 24?
2
Calculate the remainder when 2259 is divided by 36.
27
Calculate the remainder when 432 is divided by 207.
18
What is the remainder when 1187 is divided by 119?
116
Calculate the remainder when 281 is divided by 22.
17
Calculate the remainder when 4337 is divided by 140.
137
What is the remainder when 1831 is divided by 46?
37
Calculate the remainder when 145 is divided by 27.
10
Calculate the remainder when 803 is divided by 7.
5
What is the remainder when 238 is divided by 40?
38
What is the remainder when 6010 is divided by 31?
27
Calculate the remainder when 753 is divided by 108.
105
Calculate the remainder when 8349 is divided by 58.
55
Calculate the remainder when 26 is divided by 9.
8
Calculate the remainder when 107 is divided by 3.
2
What is the remainder when 82 is divided by 17?
14
Calculate the remainder when 963 is divided by 956.
7
Calculate the remainder when 1702 is divided by 341.
338
What is the remainder when 90 is divided by 14?
6
What is the remainder when 10303 is divided by 92?
91
Calculate the remainder when 38 is divided by 21.
17
What is the remainder when 393 is divided by 98?
1
What is the remainder when 204 is divided by 103?
101
What is the remainder when 2027 is divided by 39?
38
Calculate the remainder when 129 is divided by 26.
25
What is the remainder when 2546 is divided by 30?
26
What is the remainder when 581 is divided by 171?
68
What is the remainder when 88 is divided by 39?
10
Calculate the remainder when 147 is divided by 15.
12
What is the remainder when 117 is divided by 109?
8
Calculate the remainder when 91 is divided by 72.
19
What is the remainder when 2038 is divided by 634?
136
Calculate the remainder when 1538 is divided by 28.
26
Calculate the remainder when 62125 is divided by 16.
13
What is the remainder when 1310 is divided by 59?
12
Calculate the remainder when 722 is divided by 182.
176
What is the remainder when 572 is divided by 14?
12
Calculate the remainder when 24548 is divided by 44.
40
Calculate the remainder when 318 is divided by 29.
28
What is the remainder when 412 is divided by 135?
7
Calculate the remainder when 2491 is divided by 86.
83
Calculate the remainder when 221 is divided by 57.
50
What is the remainder when 744 is divided by 99?
51
Calculate the remainder when 2506 is divided by 66.
64
What is the remainder when 75 is divided by 13?
10
Calculate the remainder when 291 is divided by 59.
55
What is the remainder when 10937 is divided by 219?
206
Calculate the remainder when 2713 is divided by 1346.
21
What is the remainder when 965 is divided by 11?
8
What is the remainder when 3814 is divided by 72?
70
Calculate the remainder when 318 is divided by 162.
156
What is the remainder when 2207 is divided by 103?
44
Calculate the remainder when 66 is divided by 23.
20
What is the remainder when 726 is divided by 91?
89
Calculate the remainder when 3292 is divided by 32.
28
What is the remainder when 220 is divided by 149?
71
What is the remainder when 314 is divided by 108?
98
What is the remainder when 261 is divided by 12?
9
What is the remainder when 287 is divided by 132?
23
Calculate the remainder when 1262 is divided by 397.
71
Calculate the remainder when 1459 is divided by 105.
94
Calculate the remainder when 130 is divided by 24.
10
What is the remainder when 20935 is divided by 58?
55
What is the remainder when 116 is divided by 115?
1
Calculate the remainder when 353 is divided by 349.
4
What is the remainder when 224 is divided by 45?
44
What is the remainder when 1464 is divided by 362?
16
What is the remainder when 809 is divided by 796?
13
Calculate the remainder when 4006 is divided by 8.
6
What is the remainder when 48 is divided by 15?
3
Calculate the remainder when 15111 is divided by 12.
3
Calculate the remainder when 573 is divided by 17.
12
Calculate the remainder when 308 is divided by 67.
40
Calculate the remainder when 522 is divided by 132.
126
What is the remainder when 1243 is divided by 10?
3
Calculate the remainder when 178 is divided by 106.
72
What is the remainder when 23 is divided by 7?
2
Calculate the remainder when 3847 is divided by 77.
74
Calculate the remainder when 13 is divided by 4.
1
What is the remainder when 824 is divided by 25?
24
Calculate the remainder when 79 is divided by 23.
10
What is the remainder when 41 is divided by 11?
8
Calculate the remainder when 536 is divided by 10.
6
What is the remainder when 549 is divided by 181?
6
What is the remainder when 7123 is divided by 52?
51
Calculate the remainder when 1196 is divided by 141.
68
What is the remainder when 187 is divided by 13?
5
What is the remainder when 96 is divided by 9?
6
Calculate the remainder when 3233 is divided by 66.
65
Calculate the remainder when 380 is divided by 98.
86
What is the remainder when 3838 is divided by 69?
43
What is the remainder when 1884 is divided by 23?
21
What is the remainder when 656 is divided by 97?
74
What is the remainder when 337 is divided by 13?
12
What is the remainder when 165 is divided by 12?
9
What is the remainder when 68065 is divided by 182?
179
What is the remainder when 71 is divided by 38?
33
Calculate the remainder when 1285 is divided by 65.
50
Calculate the remainder when 451 is divided by 12.
7
What is the remainder when 514 is divided by 37?
33
What is the remainder when 5625 is divided by 201?
198
What is the remainder when 2752 is divided by 26?
22
Calculate the remainder when 132 is divided by 27.
24
What is the remainder when 1156 is divided by 285?
16
Calculate the remainder when 62 is divided by 9.
8
Calculate the remainder when 8171 is divided by 2712.
35
What is the remainder when 348 is divided by 181?
167
What is the remainder when 29981 is divided by 38?
37
What is the remainder when 338 is divided by 4?
2
What is the remainder when 313 is divided by 13?
1
What is the remainder when 2561 is divided by 89?
69
Calculate the remainder when 584 is divided by 78.
38
Calculate the remainder when 179 is divided by 36.
35
What is the remainder when 159 is divided by 9?
6
What is the remainder when 238 is divided by 30?
28
Calculate the remainder when 128 is divided by 69.
59
What is the remainder when 18 is divided by 5?
3
What is the remainder when 403 is divided by 108?
79
Calculate the remainder when 6552 is divided by 44.
40
What is the remainder when 1079 is divided by 90?
89
What is the remainder when 758 is divided by 10?
8
Calculate the remainder when 69 is divided by 49.
20
Calculate the remainder when 95 is divided by 51.
44
What is the remainder when 8236 is divided by 4111?
14
What is the remainder when 1923 is divided by 55?
53
What is the remainder when 215 is divided by 22?
17
What is the remainder when 149 is divided by 78?
71
What is the remainder when 48 is divided by 19?
10
Calculate the remainder when 535 is divided by 265.
5
Calculate the remainder when 703 is divided by 185.
148
Calculate the remainder when 40 is divided by 16.
8
Calculate the remainder when 68 is divided by 11.
2
Calculate the remainder when 58 is divided by 16.
10
What is the remainder when 499 is divided by 279?
220
Calculate the remainder when 1204 is divided by 101.
93
Calculate the remainder when 522 is divided by 44.
38
What is the remainder when 239 is divided by 113?
13
What is the remainder when 202 is divided by 68?
66
What is the remainder when 95 is divided by 75?
20
What is the remainder when 272 is divided by 32?
16
Calculate the remainder when 263 is divided by 24.
23
Calculate the remainder when 120 is divided by 107.
13
Calculate the remainder when 4364 is divided by 52.
48
What is the remainder when 207 is divided by 53?
48
What is the remainder when 817 is divided by 142?
107
What is the remainder 